{"id":1638,"date":"2019-09-13T13:37:57","date_gmt":"2019-09-13T11:37:57","guid":{"rendered":"https:\/\/www.zsmilikov.cz\/?page_id=1638"},"modified":"2024-08-14T08:03:57","modified_gmt":"2024-08-14T06:03:57","slug":"cinnosti-ms","status":"publish","type":"page","link":"https:\/\/www.zsmilikov.cz\/?page_id=1638","title":{"rendered":"Vzd\u011bl\u00e1v\u00e1n\u00ed"},"content":{"rendered":"<p>[vc_row][vc_column][vc_column_text]<span class=\"trx_addons_dark\">Vzd\u011bl\u00e1vac\u00ed \u010dinnosti v&nbsp;na\u0161\u00ed mate\u0159sk\u00e9 \u0161kole prob\u00edhaj\u00ed dle aktu\u00e1ln\u00edho \u0161koln\u00edho vzd\u011bl\u00e1vac\u00edho&nbsp;programu pro p\u0159ed\u0161koln\u00ed vzd\u011bl\u00e1v\u00e1n\u00ed POD KOZUBOVOU.&nbsp;Jednotliv\u00e9 \u010dinnosti jsou p\u0159edkl\u00e1d\u00e1ny v&nbsp;podob\u011b integrovan\u00fdch blok\u016f, kter\u00e9 na sebe navazuj\u00ed,&nbsp;dopl\u0148uj\u00ed se a vz\u00e1jemn\u011b se prol\u00ednaj\u00ed. Ka\u017ed\u00fd integrovan\u00fd blok je d\u00e1le rozpracov\u00e1n do&nbsp;jednotliv\u00fdch t\u00e9mat a podt\u00e9mat dle ro\u010dn\u00edch obdob\u00ed, kulturn\u00edch a spole\u010densk\u00fdch tradic a akc\u00ed&nbsp;vztahuj\u00edc\u00edch se k&nbsp;ur\u010dit\u00e9mu \u010dasov\u00e9mu obdob\u00ed.<\/span>[\/vc_column_text][\/vc_column][\/vc_row][vc_row][vc_column][vc_text_separator title=&#8220;\u201eJaro, l\u00e9to, podzim, zima v na\u0161\u00ed \u0161kolce je v\u017edy prima.\u201c&#8220;][\/vc_column][\/vc_row][vc_row back_image=&#8220;&#8220; css=&#8220;.vc_custom_1568374410063{margin-top: 30px !important;}&#8220;][vc_column width=&#8220;1\/3&#8243;][\/vc_column][vc_column width=&#8220;1\/3&#8243;][vc_single_image image=&#8220;1639&#8243; img_size=&#8220;large&#8220;][\/vc_column][vc_column width=&#8220;1\/3&#8243;][\/vc_column][\/vc_row][vc_row css=&#8220;.vc_custom_1568374588461{margin-top: 50px !important;}&#8220;][vc_column]<div id=\"sc_title_1116910174\"\n\t\tclass=\"sc_title sc_title_default\"><h4 class=\"sc_item_title sc_title_title sc_align_default sc_item_title_style_default sc_item_title_tag\">N\u00e1zvy integrovan\u00fdch blok\u016f<\/h4><\/div><!-- \/.sc_title -->[\/vc_column][\/vc_row][vc_row css=&#8220;.vc_custom_1568374665237{margin-top: 50px !important;}&#8220;][vc_column][vc_column_text]<span class=\"trx_addons_dark\"><strong>I. IB. \u2013 NA PO\u010cAS\u00cd NEHLED\u00cdME, ZA P\u0158\u00cdRODOU VYRAZ\u00cdME<\/strong><\/span><\/p>\n<p><span class=\"trx_addons_dark\">Hlavn\u00edm z\u00e1m\u011brem \u010dinnost\u00ed, kter\u00e9 budou realizov\u00e1ny v&nbsp;r\u00e1mci tohoto integrovan\u00e9ho bloku, bude vytvo\u0159en\u00ed pov\u011bdom\u00ed o vlastn\u00ed soun\u00e1le\u017eitosti se sv\u011btem, s&nbsp;p\u0159\u00edrodou, o vlivu \u010dlov\u011bka na \u017eivotn\u00ed prost\u0159ed\u00ed. Budeme rozv\u00edjet element\u00e1rn\u00ed znalosti o \u017eiv\u00e9 i ne\u017eiv\u00e9 p\u0159\u00edrod\u011b, o jej\u00ed rozmanitosti a neust\u00e1l\u00fdch prom\u011bn\u00e1ch.<\/span><\/p>\n<p><span class=\"trx_addons_dark\"><strong>II. IB. &#8211; J\u00c1 A V\u0160ICHNI CO JSOU SE MNOU<\/strong><\/span><\/p>\n<p><span class=\"trx_addons_dark\">V&nbsp;r\u00e1mci tohoto integrovan\u00e9ho bloku budeme podporovat p\u0159irozen\u00fd v\u00fdvoje d\u00edt\u011bte a jeho osobnosti, vztah d\u00edt\u011bte k&nbsp;jin\u00e9mu d\u00edt\u011bti a k&nbsp;dosp\u011bl\u00fdm. Budeme posilovat kladn\u00e9 mor\u00e1ln\u00ed vlastnosti u d\u011bt\u00ed, obohacovat jejich vz\u00e1jemnou komunikaci a upev\u0148ovat pohodu t\u011bchto vztah\u016f jak v&nbsp;kolektivu d\u011bt\u00ed, tak i v&nbsp;rodin\u011b. Pouk\u00e1\u017eeme na v\u00fdznam rodiny a jejich \u010dlen\u016f, osvoj\u00edme si poznatky o m\u00edst\u011b, ve kter\u00e9m \u017eij\u00ed, o sv\u011bt\u011b lid\u00ed, jejich pr\u00e1ci a v\u00fdznamu pro spole\u010dnost. Zam\u011b\u0159\u00edme se na rozvoj fantazie, \u0159e\u010dov\u00fdch schopnost\u00ed, jazykov\u00fdch dovednost\u00ed, budeme podporovat du\u0161evn\u00ed pohodu a psychickou zdatnost.<\/span><\/p>\n<p><span class=\"trx_addons_dark\"><strong>III. IB. &#8211; P\u00c1NEM SV\u00c9HO ZDRAV\u00cd, JSME JENOM MY SAMI<\/strong><\/span><\/p>\n<p><span class=\"trx_addons_dark\">Tento integrovan\u00fd blok bude zahrnovat \u010dinnosti zam\u011b\u0159en\u00e9 na uv\u011bdom\u011bn\u00ed si vlastn\u00edho t\u011bla. Budeme seznamovat d\u011bti s&nbsp;funkc\u00ed lidsk\u00e9ho t\u011bla a v\u00fdvojem v&nbsp;jednotliv\u00fdch f\u00e1z\u00edch lidsk\u00e9ho \u017eivota. P\u0159ibl\u00ed\u017e\u00edme si postaven\u00ed \u010dlov\u011bka v&nbsp;p\u0159\u00edrod\u011b a ve sv\u011bt\u011b. Osvoj\u00edme si poznatky a dovednosti d\u016fle\u017eit\u00e9 k podpo\u0159e zdrav\u00ed, bezpe\u010d\u00ed, osobn\u00ed pohody i prost\u0159ed\u00ed, ve kter\u00e9m \u017eij\u00ed. Z\u00e1rove\u0148 budeme rozv\u00edjet pohybov\u00e9 schopnosti a dovednosti, fyzickou a psychickou zdatnost d\u00edt\u011bte.<\/span><\/p>\n<p><span class=\"trx_addons_dark\"><strong>IV. IB &#8211; SV\u00c1TKY A TRADICE NEJEN Z NA\u0160\u00cd VESNICE<\/strong><\/span><\/p>\n<p><span class=\"trx_addons_dark\">\u010cinnosti, za\u0159azen\u00e9 do tohoto integrovan\u00e9ho bloku, budou zam\u011b\u0159eny na seznamov\u00e1n\u00ed s&nbsp;r\u016fzn\u00fdmi tradicemi a&nbsp;zvyky s&nbsp;d\u016frazem na m\u00edstn\u00ed zvyklosti. Umo\u017en\u00edme d\u011btem pro\u017e\u00edvat oslavy a&nbsp;sv\u00e1tky, kter\u00e9 v&nbsp;pr\u016fb\u011bhu roku prob\u00edhaj\u00ed, a \u00fa\u010dastnit se jejich p\u0159\u00edprav. Budeme u d\u011bt\u00ed rozv\u00edjet a podporovat zvl\u00e1\u0161t\u011b citovou slo\u017eku jejich osobnosti, v\u00e9st d\u011bti k estetick\u00e9mu vn\u00edm\u00e1n\u00ed, posilovat vz\u00e1jemn\u00e9 vztahy a&nbsp;propojenost s&nbsp;rodinou i&nbsp;\u0161ir\u0161\u00edm okol\u00edm ve vesnici.<\/span><\/p>\n<p><span class=\"trx_addons_dark\"><strong>V. IB &#8211; CESTUJEME TU I TAM, DO SV\u011aTA SE POD\u00cdV\u00c1M<\/strong><\/span><\/p>\n<p><span class=\"trx_addons_dark\">Hlavn\u00edm z\u00e1m\u011brem \u010dinnost\u00ed, kter\u00e9 budou realizov\u00e1ny v&nbsp;r\u00e1mci tohoto integrovan\u00e9ho bloku, bude osvojen\u00ed si pravidel a chov\u00e1n\u00ed v&nbsp;silni\u010dn\u00edm provozu. Sezn\u00e1m\u00edme d\u011bti se z\u00e1klady dopravn\u00ed v\u00fdchovy p\u0159im\u011b\u0159en\u011b jejich v\u011bku. Prost\u0159ednictv\u00edm her a r\u016fzn\u00fdch \u010dinnost\u00ed, pobytem v&nbsp;silni\u010dn\u00edm provozu budou z\u00edsk\u00e1vat pov\u011bdom\u00ed o dopravn\u00edch prost\u0159edc\u00edch, n\u011bkter\u00fdch dopravn\u00edch zna\u010dk\u00e1ch a pravidlech silni\u010dn\u00edho provozu. Z\u00e1rove\u0148 budeme podporovat dokonalej\u0161\u00ed ch\u00e1p\u00e1n\u00ed okoln\u00edho sv\u011bta, budeme pozn\u00e1vat jin\u00e9 kultury, n\u00e1rodnosti. Povedeme d\u011bti k soci\u00e1ln\u00ed soudr\u017enosti a p\u0159iprav\u00edme je t\u00edm na \u017eivot v multikulturn\u00ed spole\u010dnosti.<\/span>[\/vc_column_text][\/vc_column][\/vc_row]<\/p>\n","protected":false},"excerpt":{"rendered":"<p>[vc_row][vc_column][vc_column_text]Vzd\u011bl\u00e1vac\u00ed \u010dinnosti v&nbsp;na\u0161\u00ed mate\u0159sk\u00e9 \u0161kole prob\u00edhaj\u00ed dle aktu\u00e1ln\u00edho \u0161koln\u00edho vzd\u011bl\u00e1vac\u00edho&nbsp;programu pro p\u0159ed\u0161koln\u00ed vzd\u011bl\u00e1v\u00e1n\u00ed POD KOZUBOVOU.&nbsp;Jednotliv\u00e9 \u010dinnosti jsou p\u0159edkl\u00e1d\u00e1ny v&nbsp;podob\u011b integrovan\u00fdch blok\u016f, kter\u00e9 na sebe navazuj\u00ed,&nbsp;dopl\u0148uj\u00ed se a vz\u00e1jemn\u011b se prol\u00ednaj\u00ed. Ka\u017ed\u00fd integrovan\u00fd blok je d\u00e1le rozpracov\u00e1n do&nbsp;jednotliv\u00fdch t\u00e9mat a podt\u00e9mat dle ro\u010dn\u00edch obdob\u00ed, kulturn\u00edch a&hellip;<\/p>\n","protected":false},"author":1,"featured_media":0,"parent":1020,"menu_order":0,"comment_status":"closed","ping_status":"closed","template":"","meta":{"footnotes":""},"class_list":["post-1638","page","type-page","status-publish","hentry"],"_links":{"self":[{"href":"https:\/\/www.zsmilikov.cz\/index.php?rest_route=\/wp\/v2\/pages\/1638","targetHints":{"allow":["GET"]}}],"collection":[{"href":"https:\/\/www.zsmilikov.cz\/index.php?rest_route=\/wp\/v2\/pages"}],"about":[{"href":"https:\/\/www.zsmilikov.cz\/index.php?rest_route=\/wp\/v2\/types\/page"}],"author":[{"embeddable":true,"href":"https:\/\/www.zsmilikov.cz\/index.php?rest_route=\/wp\/v2\/users\/1"}],"replies":[{"embeddable":true,"href":"https:\/\/www.zsmilikov.cz\/index.php?rest_route=%2Fwp%2Fv2%2Fcomments&post=1638"}],"version-history":[{"count":17,"href":"https:\/\/www.zsmilikov.cz\/index.php?rest_route=\/wp\/v2\/pages\/1638\/revisions"}],"predecessor-version":[{"id":3372,"href":"https:\/\/www.zsmilikov.cz\/index.php?rest_route=\/wp\/v2\/pages\/1638\/revisions\/3372"}],"up":[{"embeddable":true,"href":"https:\/\/www.zsmilikov.cz\/index.php?rest_route=\/wp\/v2\/pages\/1020"}],"wp:attachment":[{"href":"https:\/\/www.zsmilikov.cz\/index.php?rest_route=%2Fwp%2Fv2%2Fmedia&parent=1638"}],"curies":[{"name":"wp","href":"https:\/\/api.w.org\/{rel}","templated":true}]}}