{"id":3384,"date":"2024-08-14T07:55:14","date_gmt":"2024-08-14T05:55:14","guid":{"rendered":"https:\/\/www.zsmilikov.cz\/?page_id=3384"},"modified":"2025-12-03T06:13:41","modified_gmt":"2025-12-03T05:13:41","slug":"zapis-do-zs","status":"publish","type":"page","link":"https:\/\/www.zsmilikov.cz\/?page_id=3384","title":{"rendered":"Z\u00e1pis do Z\u0160"},"content":{"rendered":"<p style=\"text-align: center;\">[vc_row][vc_column][vc_column_text]<\/p>\n<p style=\"text-align: center;\"><span style=\"color: #000000;\"><strong>Z\u00e1pisy se konaj\u00ed v obdob\u00ed stanoven\u00e9m \u0161kolsk\u00fdm z\u00e1konem, tedy od 15. ledna do 15. \u00fanora dan\u00e9ho roku. Konkr\u00e9tn\u00ed term\u00edn z\u00e1pisu k povinn\u00e9 \u0161koln\u00ed doch\u00e1zce stanov\u00ed \u0159editel \u0161koly v r\u00e1mci tohoto obdob\u00ed, a to v souladu se \u0161kolsk\u00fdm z\u00e1konem. <\/strong><\/span><\/p>\n<p style=\"text-align: center;\"><span style=\"color: #000000;\">Povinn\u00e1 \u0161koln\u00ed doch\u00e1zka za\u010d\u00edn\u00e1 po\u010d\u00e1tkem \u0161koln\u00edho roku, kter\u00fd n\u00e1sleduje po dni, kdy d\u00edt\u011b dos\u00e1hne \u0161est\u00e9ho roku v\u011bku.<\/span><\/p>\n<h3 style=\"text-align: center;\"><strong>Z\u00e1pis do 1. ro\u010dn\u00edku z\u00e1kladn\u00ed \u0161koly <\/strong><strong>pro \u0161koln\u00ed rok 2026\/2027<\/strong><\/h3>\n<h4 style=\"text-align: center;\">Z\u00e1pis d\u011bt\u00ed narozen\u00fdch v term\u00ednu od 1. 9. 2019 do 31. 8. 2020 a d\u011bt\u00ed s odkladem \u0161koln\u00ed doch\u00e1zky pro \u0161koln\u00ed rok 2026\/2027<\/h4>\n<h5 style=\"text-align: center;\">prob\u011bhne<\/h5>\n<h4 style=\"text-align: center;\">dne 11. 2. 2026 od 10:00 do 15:00.<\/h4>\n<p style=\"text-align: center;\"><span class=\"trx_addons_dark\">Pro z\u00e1pis k z\u00e1kladn\u00ed \u0161koln\u00ed doch\u00e1zce bude vyu\u017eit<strong> syst\u00e9m elektronick\u00e9 registrace k z\u00e1pisu.<\/strong><\/span><\/p>\n<p style=\"text-align: center;\"><span class=\"trx_addons_dark\"><strong>Ve dnech od 12. 1. 2026 do 10. 2. 2026 bude z\u00e1konn\u00fdm z\u00e1stupc\u016fm zp\u0159\u00edstupn\u011bn rezerva\u010dn\u00ed syst\u00e9m <a href=\"https:\/\/aplikace.skolaonline.cz\/SOL\/PublicWeb\/zsmilikov\/KWE015_Prihlaska.aspx?ID=40877\">NA ODKAZE ZDE<\/a>, <\/strong><\/span><\/p>\n<p style=\"text-align: center;\"><span class=\"trx_addons_dark\">v n\u011bm\u017e z\u00e1konn\u00fd z\u00e1stupce vypln\u00ed \u017e\u00e1dost o p\u0159ijet\u00ed k z\u00e1kladn\u00edmu vzd\u011bl\u00e1v\u00e1n\u00ed. Z\u00e1rove\u0148 si rezervuje konkr\u00e9tn\u00ed \u010das z\u00e1pisu, kter\u00fd se uskute\u010dn\u00ed ve III. t\u0159\u00edd\u011b \u0161koly dne 11. 2. 2026.<\/span><\/p>\n<p style=\"text-align: center;\"><span class=\"trx_addons_dark\"><strong>V\u00a0r\u00e1mci elektronick\u00e9ho p\u0159ihl\u00e1\u0161en\u00ed dojde z\u00e1rove\u0148 k\u00a0registraci, kdy bude vygenerov\u00e1no registra\u010dn\u00ed \u010d\u00edslo pro zve\u0159ejn\u011bn\u00ed p\u0159ijat\u00fdch \u017e\u00e1k\u016f a z\u00e1rove\u0148 V\u00e1m budou sd\u011bleny v\u0161echny podrobnosti ohledn\u011b dokument\u016f pot\u0159ebn\u00fdch k\u00a0z\u00e1pisu k\u00a0povinn\u00e9 \u0161koln\u00ed doch\u00e1zce \u010di k\u00a0odkladu \u0161koln\u00ed doch\u00e1zky.<\/strong><\/span><\/p>\n<p style=\"text-align: center;\"><span class=\"trx_addons_dark\"><strong>Videon\u00e1vod na elektronickou registraci k\u00a0z\u00e1pisu do 1. t\u0159\u00eddy naleznete <a href=\"https:\/\/www.youtube.com\/watch?si=Vslu3vR7blDeG5gO&amp;v=DuSpNvx-VpE&amp;feature=youtu.be\">ZDE<\/a>.<\/strong><\/span><\/p>\n<p style=\"text-align: center;\"><span class=\"trx_addons_dark\">Po\u0159ad\u00ed p\u0159i elektronick\u00e9 registraci nen\u00ed krit\u00e9riem pro p\u0159ijet\u00ed \u017e\u00e1ka, krit\u00e9ria p\u0159ijet\u00ed k z\u00e1kladn\u00edmu vzd\u011bl\u00e1n\u00ed jsou zve\u0159ejn\u011bna na str\u00e1nk\u00e1ch \u0161koly <a href=\"https:\/\/drive.google.com\/file\/d\/1cpBEjo8iMAaFGE5mLPilhVwjbsuYnRZv\/view?usp=sharing\"><strong>ZDE<\/strong><\/a>.<\/span><\/p>\n<p style=\"text-align: right;\"><span class=\"trx_addons_dark\">Mgr. Hana Gorgolov\u00e1, \u0159editelka \u0161koly<\/span><\/p>\n<h5>Dal\u0161\u00ed <span class=\"trx_addons_dark\">informace:<\/span><\/h5>\n<p id=\"headline-13-36928\" class=\"ct-headline\"><a href=\"https:\/\/edu.gov.cz\/methodology\/informacni-letaky-k-zapisu-do-1-rocniku-zs-a-k-odkladum-povinne-skolni-dochazky\/\"><span id=\"span-20-36928\" class=\"ct-span\">Informa\u010dn\u00ed let\u00e1ky k z\u00e1pisu do 1. ro\u010dn\u00edku Z\u0160 a k odklad\u016fm povinn\u00e9 \u0161koln\u00ed doch\u00e1zky<\/span><\/a><\/p>\n<p><a href=\"https:\/\/drive.google.com\/file\/d\/1lgk08tHZcBU0ptgm_bAm3jHIU7x5nPzw\/view?usp=sharing\">\u0160koln\u00ed zralost<\/a><\/p>\n<p><a href=\"https:\/\/drive.google.com\/file\/d\/1U2Q-B0BPS3c1cSPIyfwVYWEash7Jfc3t\/view?usp=sharing\">Jak m\u016f\u017eete pomoci sv\u00e9mu d\u00edt\u011bti p\u0159ed n\u00e1stupem do Z\u0160<\/a><\/p>\n<p><a href=\"https:\/\/drive.google.com\/file\/d\/1IaaNd0CmMMSVHcDgQT6r0k4VHHe-ymT1\/view?usp=sharing\">Desatero pro rodi\u010de budouc\u00edho prv\u0148\u00e1\u010dka<\/a><\/p>\n<p><a href=\"https:\/\/drive.google.com\/file\/d\/1iEeu_IcXlhgqv2O8uuxeh82l-apV1pxh\/view?usp=sharing\">Desatero pro prv\u0148\u00e1\u010dky<\/a><\/p>\n<p>[\/vc_column_text][\/vc_column][\/vc_row]<\/p>\n","protected":false},"excerpt":{"rendered":"<p>[vc_row][vc_column][vc_column_text] Z\u00e1pisy se konaj\u00ed v obdob\u00ed stanoven\u00e9m \u0161kolsk\u00fdm z\u00e1konem, tedy od 15. ledna do 15. \u00fanora dan\u00e9ho roku. Konkr\u00e9tn\u00ed term\u00edn z\u00e1pisu k povinn\u00e9 \u0161koln\u00ed doch\u00e1zce stanov\u00ed \u0159editel \u0161koly v r\u00e1mci tohoto obdob\u00ed, a to v souladu se \u0161kolsk\u00fdm z\u00e1konem. Povinn\u00e1 \u0161koln\u00ed doch\u00e1zka za\u010d\u00edn\u00e1 po\u010d\u00e1tkem \u0161koln\u00edho&hellip;<\/p>\n","protected":false},"author":6,"featured_media":0,"parent":0,"menu_order":0,"comment_status":"closed","ping_status":"closed","template":"","meta":{"footnotes":""},"class_list":["post-3384","page","type-page","status-publish","hentry"],"_links":{"self":[{"href":"https:\/\/www.zsmilikov.cz\/index.php?rest_route=\/wp\/v2\/pages\/3384","targetHints":{"allow":["GET"]}}],"collection":[{"href":"https:\/\/www.zsmilikov.cz\/index.php?rest_route=\/wp\/v2\/pages"}],"about":[{"href":"https:\/\/www.zsmilikov.cz\/index.php?rest_route=\/wp\/v2\/types\/page"}],"author":[{"embeddable":true,"href":"https:\/\/www.zsmilikov.cz\/index.php?rest_route=\/wp\/v2\/users\/6"}],"replies":[{"embeddable":true,"href":"https:\/\/www.zsmilikov.cz\/index.php?rest_route=%2Fwp%2Fv2%2Fcomments&post=3384"}],"version-history":[{"count":10,"href":"https:\/\/www.zsmilikov.cz\/index.php?rest_route=\/wp\/v2\/pages\/3384\/revisions"}],"predecessor-version":[{"id":3964,"href":"https:\/\/www.zsmilikov.cz\/index.php?rest_route=\/wp\/v2\/pages\/3384\/revisions\/3964"}],"wp:attachment":[{"href":"https:\/\/www.zsmilikov.cz\/index.php?rest_route=%2Fwp%2Fv2%2Fmedia&parent=3384"}],"curies":[{"name":"wp","href":"https:\/\/api.w.org\/{rel}","templated":true}]}}

Zápis do ZŠ

<p style="text-align: center;">[vc_row][vc_column][vc_column_text]</p>
<p style="text-align: center;"><span style="color: #000000;"><strong>Zápisy se konají v období stanoveném školským zákonem, tedy od 15. ledna do 15. února daného roku. Konkrétní termín zápisu k povinné školní docházce stanoví ředitel školy v rámci tohoto období, a to v souladu se školským zákonem. </strong></span></p>
<p style="text-align: center;"><span style="color: #000000;">Povinná školní docházka začíná počátkem školního roku, který následuje po dni, kdy dítě dosáhne šestého roku věku.</span></p>
<h3 style="text-align: center;"><strong>Zápis do 1. ročníku základní školy </strong><strong>pro školní rok 2026/2027</strong></h3>
<h4 style="text-align: center;">Zápis dětí narozených v termínu od 1. 9. 2019 do 31. 8. 2020 a dětí s odkladem školní docházky pro školní rok 2026/2027</h4>
<h5 style="text-align: center;">proběhne</h5>
<h4 style="text-align: center;">dne 11. 2. 2026 od 10:00 do 15:00.</h4>
<p style="text-align: center;"><span class="trx_addons_dark">Pro zápis k základní školní docházce bude využit<strong> systém elektronické registrace k zápisu.</strong></span></p>
<p style="text-align: center;"><span class="trx_addons_dark"><strong>Ve dnech od 12. 1. 2026 do 10. 2. 2026 bude zákonným zástupcům zpřístupněn rezervační systém <a href="https://aplikace.skolaonline.cz/SOL/PublicWeb/zsmilikov/KWE015_Prihlaska.aspx?ID=40877">NA ODKAZE ZDE</a>, </strong></span></p>
<p style="text-align: center;"><span class="trx_addons_dark">v němž zákonný zástupce vyplní žádost o přijetí k základnímu vzdělávání. Zároveň si rezervuje konkrétní čas zápisu, který se uskuteční ve III. třídě školy dne 11. 2. 2026.</span></p>
<p style="text-align: center;"><span class="trx_addons_dark"><strong>V rámci elektronického přihlášení dojde zároveň k registraci, kdy bude vygenerováno registrační číslo pro zveřejnění přijatých žáků a zároveň Vám budou sděleny všechny podrobnosti ohledně dokumentů potřebných k zápisu k povinné školní docházce či k odkladu školní docházky.</strong></span></p>
<p style="text-align: center;"><span class="trx_addons_dark"><strong>Videonávod na elektronickou registraci k zápisu do 1. třídy naleznete <a href="https://www.youtube.com/watch?si=Vslu3vR7blDeG5gO&amp;v=DuSpNvx-VpE&amp;feature=youtu.be">ZDE</a>.</strong></span></p>
<p style="text-align: center;"><span class="trx_addons_dark">Pořadí při elektronické registraci není kritériem pro přijetí žáka, kritéria přijetí k základnímu vzdělání jsou zveřejněna na stránkách školy <a href="https://drive.google.com/file/d/1cpBEjo8iMAaFGE5mLPilhVwjbsuYnRZv/view?usp=sharing"><strong>ZDE</strong></a>.</span></p>
<p style="text-align: right;"><span class="trx_addons_dark">Mgr. Hana Gorgolová, ředitelka školy</span></p>
<h5>Další <span class="trx_addons_dark">informace:</span></h5>
<p id="headline-13-36928" class="ct-headline"><a href="https://edu.gov.cz/methodology/informacni-letaky-k-zapisu-do-1-rocniku-zs-a-k-odkladum-povinne-skolni-dochazky/"><span id="span-20-36928" class="ct-span">Informační letáky k zápisu do 1. ročníku ZŠ a k odkladům povinné školní docházky</span></a></p>
<p><a href="https://drive.google.com/file/d/1lgk08tHZcBU0ptgm_bAm3jHIU7x5nPzw/view?usp=sharing">Školní zralost</a></p>
<p><a href="https://drive.google.com/file/d/1U2Q-B0BPS3c1cSPIyfwVYWEash7Jfc3t/view?usp=sharing">Jak můžete pomoci svému dítěti před nástupem do ZŠ</a></p>
<p><a href="https://drive.google.com/file/d/1IaaNd0CmMMSVHcDgQT6r0k4VHHe-ymT1/view?usp=sharing">Desatero pro rodiče budoucího prvňáčka</a></p>
<p><a href="https://drive.google.com/file/d/1iEeu_IcXlhgqv2O8uuxeh82l-apV1pxh/view?usp=sharing">Desatero pro prvňáčky</a></p>
<p>[/vc_column_text][/vc_column][/vc_row]</p>

<p>[vc_row][vc_column][vc_column_text] Zápisy se konají v období stanoveném školským zákonem, tedy od 15. ledna do 15. února daného roku. Konkrétní termín zápisu k povinné školní docházce stanoví ředitel školy v rámci tohoto období, a to v souladu se školským zákonem. Povinná školní docházka začíná počátkem školního&hellip;</p>
